{"id":3835,"date":"2026-02-24T13:13:24","date_gmt":"2026-02-24T13:13:24","guid":{"rendered":"http:\/\/guatisrl.com.ar\/estacion\/?page_id=3835"},"modified":"2026-02-24T13:16:18","modified_gmt":"2026-02-24T13:16:18","slug":"trabaja-con-nosotros-2","status":"publish","type":"page","link":"http:\/\/guatisrl.com.ar\/estacion\/trabaja-con-nosotros-2\/","title":{"rendered":"Trabaja con nosotros"},"content":{"rendered":"\n\n  <div class=\"banner has-hover\" id=\"banner-1334113195\">\n          <div class=\"banner-inner fill\">\n        <div class=\"banner-bg fill\" >\n            <div class=\"bg fill bg-fill \"><\/div>\n                        <div class=\"overlay\"><\/div>            \n                    <\/div>\n        <div class=\"banner-layers container\">\n            <div class=\"fill banner-link\"><\/div>            \n\n   <div id=\"text-box-991722740\" class=\"text-box banner-layer x50 md-x0 lg-x0 y90 md-y90 lg-y90 res-text\">\n                                <div class=\"text dark\">\n              \n              <div class=\"text-inner text-center\">\n                  \n\n\t<div id=\"text-2109366419\" class=\"text\">\n\t\t\n\n<h1 class=\"uppercase\"><strong>TRABAJA CON NOSOTROS<\/strong><\/h1>\n\t\t\n<style>\n#text-2109366419 {\n  font-size: 0.75rem;\n  text-align: center;\n}\n@media (min-width:550px) {\n  #text-2109366419 {\n    font-size: 1rem;\n  }\n}\n<\/style>\n\t<\/div>\n\t\n\n              <\/div>\n           <\/div>\n                            \n<style>\n#text-box-991722740 {\n  width: 75%;\n}\n#text-box-991722740 .text {\n  font-size: 100%;\n}\n@media (min-width:550px) {\n  #text-box-991722740 {\n    width: 74%;\n  }\n}\n<\/style>\n    <\/div>\n \n\n        <\/div>\n      <\/div>\n\n            \n<style>\n#banner-1334113195 {\n  padding-top: 350px;\n}\n#banner-1334113195 .bg.bg-loaded {\n  background-image: url(http:\/\/guatisrl.com.ar\/estacion\/wp-content\/uploads\/2026\/02\/pedidos-ya-1200x800.jpg);\n}\n#banner-1334113195 .overlay {\n  background-color: rgba(0,0,0,.5);\n}\n#banner-1334113195 .bg {\n  background-position: 51% 49%;\n}\n<\/style>\n  <\/div>\n\n\n\t<section class=\"section\" id=\"section_1789057152\">\n\t\t<div class=\"bg section-bg fill bg-fill  bg-loaded\" >\n\n\t\t\t\n\t\t\t\n\t\t\t\n\n\t\t<\/div>\n\n\t\t<div class=\"section-content relative\">\n\t\t\t\n\n<div class=\"row row-small row-full-width align-middle align-center\"  id=\"row-577231830\">\n\n\n\t<div id=\"col-1035405190\" class=\"col medium-4 small-12 large-4\"  >\n\t\t<div class=\"col-inner text-center\"  >\n\t\t\t\n\t\t\t\n\n\n\t\t<div class=\"icon-box featured-box icon-box-center text-center\"  >\n\t\t\t\t\t<div class=\"icon-box-img\" style=\"width: 40px\">\n\t\t\t\t<div class=\"icon\">\n\t\t\t\t\t<div class=\"icon-inner\" style=\"color:rgb(23, 219, 239);\">\n\t\t\t\t\t\t<img width=\"400\" height=\"400\" src=\"http:\/\/guatisrl.com.ar\/estacion\/wp-content\/uploads\/2021\/01\/phone-msg-400x400.png\" class=\"attachment-medium size-medium\" alt=\"\" loading=\"lazy\" srcset=\"http:\/\/guatisrl.com.ar\/estacion\/wp-content\/uploads\/2021\/01\/phone-msg-400x400.png 400w, http:\/\/guatisrl.com.ar\/estacion\/wp-content\/uploads\/2021\/01\/phone-msg-280x280.png 280w, http:\/\/guatisrl.com.ar\/estacion\/wp-content\/uploads\/2021\/01\/phone-msg-510x510.png 510w, http:\/\/guatisrl.com.ar\/estacion\/wp-content\/uploads\/2021\/01\/phone-msg-100x100.png 100w, http:\/\/guatisrl.com.ar\/estacion\/wp-content\/uploads\/2021\/01\/phone-msg.png 512w\" sizes=\"(max-width: 400px) 100vw, 400px\" \/>\t\t\t\t\t<\/div>\n\t\t\t\t<\/div>\n\t\t\t<\/div>\n\t\t\t\t<div class=\"icon-box-text last-reset\">\n\t\t\t\t\t\t\t\t\t\n\n\t<div id=\"text-3345054079\" class=\"text\">\n\t\t\n\n<h3>Tel\u00e9fono<\/h3>\n<p>5493414547274<\/p>\n\t\t\n<style>\n#text-3345054079 {\n  text-align: center;\n}\n<\/style>\n\t<\/div>\n\t\n\n\t\t<\/div>\n\t<\/div>\n\t\n\t\n\n\t\t<div class=\"icon-box featured-box icon-box-center text-center\"  style=\"margin:10px 0px 0px 0px;\">\n\t\t\t\t\t<div class=\"icon-box-img\" style=\"width: 40px\">\n\t\t\t\t<div class=\"icon\">\n\t\t\t\t\t<div class=\"icon-inner\" style=\"color:rgb(200, 19, 19);\">\n\t\t\t\t\t\t<img width=\"400\" height=\"400\" src=\"http:\/\/guatisrl.com.ar\/estacion\/wp-content\/uploads\/2021\/01\/mail-400x400.png\" class=\"attachment-medium size-medium\" alt=\"\" loading=\"lazy\" srcset=\"http:\/\/guatisrl.com.ar\/estacion\/wp-content\/uploads\/2021\/01\/mail-400x400.png 400w, http:\/\/guatisrl.com.ar\/estacion\/wp-content\/uploads\/2021\/01\/mail-280x280.png 280w, http:\/\/guatisrl.com.ar\/estacion\/wp-content\/uploads\/2021\/01\/mail-510x510.png 510w, http:\/\/guatisrl.com.ar\/estacion\/wp-content\/uploads\/2021\/01\/mail-100x100.png 100w, http:\/\/guatisrl.com.ar\/estacion\/wp-content\/uploads\/2021\/01\/mail.png 512w\" sizes=\"(max-width: 400px) 100vw, 400px\" \/>\t\t\t\t\t<\/div>\n\t\t\t\t<\/div>\n\t\t\t<\/div>\n\t\t\t\t<div class=\"icon-box-text last-reset\">\n\t\t\t\t\t\t\t\t\t\n\n\t<div id=\"text-3979722162\" class=\"text\">\n\t\t\n\n<h3>Email<\/h3>\n<p>ventas@guatisrl.com.ar<\/p>\n\t\t\n<style>\n#text-3979722162 {\n  text-align: center;\n}\n<\/style>\n\t<\/div>\n\t\n\n\t\t<\/div>\n\t<\/div>\n\t\n\t\n\n\t<a class=\"plain\" href=\"https:\/\/www.instagram.com\/shell.lafloridaok\/\" target=\"_blank\" rel=\"noopener noreferrer\" >\t<div class=\"icon-box featured-box icon-box-center text-center\"  style=\"margin:10px 0px 0px 0px;\">\n\t\t\t\t\t<div class=\"icon-box-img\" style=\"width: 40px\">\n\t\t\t\t<div class=\"icon\">\n\t\t\t\t\t<div class=\"icon-inner\" >\n\t\t\t\t\t\t<img width=\"128\" height=\"128\" src=\"http:\/\/guatisrl.com.ar\/estacion\/wp-content\/uploads\/2021\/01\/instagram.png\" class=\"attachment-medium size-medium\" alt=\"\" loading=\"lazy\" srcset=\"http:\/\/guatisrl.com.ar\/estacion\/wp-content\/uploads\/2021\/01\/instagram.png 128w, http:\/\/guatisrl.com.ar\/estacion\/wp-content\/uploads\/2021\/01\/instagram-100x100.png 100w\" sizes=\"(max-width: 128px) 100vw, 128px\" \/>\t\t\t\t\t<\/div>\n\t\t\t\t<\/div>\n\t\t\t<\/div>\n\t\t\t\t<div class=\"icon-box-text last-reset\">\n\t\t\t\t\t\t\t\t\t\n\n\t<div id=\"text-4025934185\" class=\"text\">\n\t\t\n\n<h3>Instagram<\/h3>\n\t\t\n<style>\n#text-4025934185 {\n  text-align: center;\n}\n<\/style>\n\t<\/div>\n\t\n\n\t\t<\/div>\n\t<\/div>\n\t<\/a>\n\t\n\n\t<a class=\"plain\" href=\"https:\/\/www.facebook.com\/Shell.LaFlorida\/\" target=\"_blank\" rel=\"noopener noreferrer\" >\t<div class=\"icon-box featured-box icon-box-center text-center\"  style=\"margin:10px 0px 0px 0px;\">\n\t\t\t\t\t<div class=\"icon-box-img\" style=\"width: 40px\">\n\t\t\t\t<div class=\"icon\">\n\t\t\t\t\t<div class=\"icon-inner\" >\n\t\t\t\t\t\t<img width=\"128\" height=\"128\" src=\"http:\/\/guatisrl.com.ar\/estacion\/wp-content\/uploads\/2021\/01\/facebook.png\" class=\"attachment-medium size-medium\" alt=\"\" loading=\"lazy\" srcset=\"http:\/\/guatisrl.com.ar\/estacion\/wp-content\/uploads\/2021\/01\/facebook.png 128w, http:\/\/guatisrl.com.ar\/estacion\/wp-content\/uploads\/2021\/01\/facebook-100x100.png 100w\" sizes=\"(max-width: 128px) 100vw, 128px\" \/>\t\t\t\t\t<\/div>\n\t\t\t\t<\/div>\n\t\t\t<\/div>\n\t\t\t\t<div class=\"icon-box-text last-reset\">\n\t\t\t\t\t\t\t\t\t\n\n\t<div id=\"text-2426990660\" class=\"text\">\n\t\t\n\n<h3>Facebook<\/h3>\n<p><\/p>\n\t\t\n<style>\n#text-2426990660 {\n  text-align: center;\n}\n<\/style>\n\t<\/div>\n\t\n\n\t\t<\/div>\n\t<\/div>\n\t<\/a>\n\t\n\n\t\t<\/div>\n\t\t\n<style>\n#col-1035405190 > .col-inner {\n  padding: 20px 0px 10px 0px;\n}\n<\/style>\n\t<\/div>\n\n\t\n\n\t<div id=\"col-1473742249\" class=\"col formcontacto medium-6 small-12 large-6\"  >\n\t\t<div class=\"col-inner text-left\"  >\n\t\t\t\n\t\t\t\n\n<p data-start=\"129\" data-end=\"366\">En <strong>Shell La Florida<\/strong> creemos que el talento y el compromiso son la base de cada proyecto exitoso. Por eso, estamos siempre abiertos a conocer personas con ganas de crecer, aportar ideas y formar parte de un equipo din\u00e1mico.<\/p>\n<p data-start=\"368\" data-end=\"526\">Si te apasiona lo que hac\u00e9s, te motivan los nuevos desaf\u00edos y quer\u00e9s desarrollarte en un entorno profesional en constante evoluci\u00f3n, nos encantar\u00eda conocerte.<\/p>\n<p data-start=\"528\" data-end=\"680\">Valoramos la iniciativa, la responsabilidad y el trabajo en equipo. Buscamos personas que no solo cumplan un rol, sino que quieran marcar la diferencia.<\/p>\n<p data-start=\"682\" data-end=\"777\">\ud83d\udce9 Envi\u00e1 tu CV a: <strong><a href=\"mailto:cv@guatisrl.com.ar\" target=\"_blank\" rel=\"noopener noreferrer\">cv@guatisrl.com.ar<\/a><\/strong><br data-start=\"725\" data-end=\"728\" \/>Indic\u00e1 en el asunto el puesto al que te postul\u00e1s.<\/p>\n<p data-start=\"779\" data-end=\"805\">\u00a1Esperamos tu postulaci\u00f3n!<\/p>\n\n\t\t<\/div>\n\t\t\n<style>\n#col-1473742249 > .col-inner {\n  padding: 10px 0px 0px 0px;\n}\n<\/style>\n\t<\/div>\n\n\t\n\n<\/div>\n\n\t\t<\/div>\n\n\t\t\n<style>\n#section_1789057152 {\n  padding-top: 20px;\n  padding-bottom: 20px;\n  margin-bottom: 0px;\n}\n<\/style>\n\t<\/section>\n\t\n\n","protected":false},"excerpt":{"rendered":"","protected":false},"author":1,"featured_media":0,"parent":0,"menu_order":0,"comment_status":"closed","ping_status":"closed","template":"page-transparent-header.php","meta":[],"yoast_head":"<!-- This site is optimized with the Yoast SEO plugin v15.3 - https:\/\/yoast.com\/wordpress\/plugins\/seo\/ -->\n<title>Trabaja con nosotros - Shell La Florida<\/title>\n<meta name=\"robots\" content=\"index, follow, max-snippet:-1, max-image-preview:large, max-video-preview:-1\" \/>\n<link rel=\"canonical\" href=\"http:\/\/guatisrl.com.ar\/estacion\/trabaja-con-nosotros-2\/\" \/>\n<meta property=\"og:locale\" content=\"es_ES\" \/>\n<meta property=\"og:type\" content=\"article\" \/>\n<meta property=\"og:title\" content=\"Trabaja con nosotros - Shell La Florida\" \/>\n<meta property=\"og:url\" content=\"http:\/\/guatisrl.com.ar\/estacion\/trabaja-con-nosotros-2\/\" \/>\n<meta property=\"og:site_name\" content=\"Shell La Florida\" \/>\n<meta property=\"article:modified_time\" content=\"2026-02-24T13:16:18+00:00\" \/>\n<meta name=\"twitter:card\" content=\"summary_large_image\" \/>\n<meta name=\"twitter:label1\" content=\"Escrito por\">\n\t<meta name=\"twitter:data1\" content=\"shell-admin\">\n\t<meta name=\"twitter:label2\" content=\"Tiempo de lectura\">\n\t<meta name=\"twitter:data2\" content=\"1 minuto\">\n<script type=\"application\/ld+json\" class=\"yoast-schema-graph\">{\"@context\":\"https:\/\/schema.org\",\"@graph\":[{\"@type\":\"WebSite\",\"@id\":\"http:\/\/guatisrl.com.ar\/estacion\/#website\",\"url\":\"http:\/\/guatisrl.com.ar\/estacion\/\",\"name\":\"Shell La Florida\",\"description\":\"\",\"potentialAction\":[{\"@type\":\"SearchAction\",\"target\":\"http:\/\/guatisrl.com.ar\/estacion\/?s={search_term_string}\",\"query-input\":\"required name=search_term_string\"}],\"inLanguage\":\"es\"},{\"@type\":\"WebPage\",\"@id\":\"http:\/\/guatisrl.com.ar\/estacion\/trabaja-con-nosotros-2\/#webpage\",\"url\":\"http:\/\/guatisrl.com.ar\/estacion\/trabaja-con-nosotros-2\/\",\"name\":\"Trabaja con nosotros - Shell La Florida\",\"isPartOf\":{\"@id\":\"http:\/\/guatisrl.com.ar\/estacion\/#website\"},\"datePublished\":\"2026-02-24T13:13:24+00:00\",\"dateModified\":\"2026-02-24T13:16:18+00:00\",\"breadcrumb\":{\"@id\":\"http:\/\/guatisrl.com.ar\/estacion\/trabaja-con-nosotros-2\/#breadcrumb\"},\"inLanguage\":\"es\",\"potentialAction\":[{\"@type\":\"ReadAction\",\"target\":[\"http:\/\/guatisrl.com.ar\/estacion\/trabaja-con-nosotros-2\/\"]}]},{\"@type\":\"BreadcrumbList\",\"@id\":\"http:\/\/guatisrl.com.ar\/estacion\/trabaja-con-nosotros-2\/#breadcrumb\",\"itemListElement\":[{\"@type\":\"ListItem\",\"position\":1,\"item\":{\"@type\":\"WebPage\",\"@id\":\"http:\/\/guatisrl.com.ar\/estacion\/\",\"url\":\"http:\/\/guatisrl.com.ar\/estacion\/\",\"name\":\"Portada\"}},{\"@type\":\"ListItem\",\"position\":2,\"item\":{\"@type\":\"WebPage\",\"@id\":\"http:\/\/guatisrl.com.ar\/estacion\/trabaja-con-nosotros-2\/\",\"url\":\"http:\/\/guatisrl.com.ar\/estacion\/trabaja-con-nosotros-2\/\",\"name\":\"Trabaja con nosotros\"}}]}]}<\/script>\n<!-- \/ Yoast SEO plugin. -->","_links":{"self":[{"href":"http:\/\/guatisrl.com.ar\/estacion\/wp-json\/wp\/v2\/pages\/3835"}],"collection":[{"href":"http:\/\/guatisrl.com.ar\/estacion\/wp-json\/wp\/v2\/pages"}],"about":[{"href":"http:\/\/guatisrl.com.ar\/estacion\/wp-json\/wp\/v2\/types\/page"}],"author":[{"embeddable":true,"href":"http:\/\/guatisrl.com.ar\/estacion\/wp-json\/wp\/v2\/users\/1"}],"replies":[{"embeddable":true,"href":"http:\/\/guatisrl.com.ar\/estacion\/wp-json\/wp\/v2\/comments?post=3835"}],"version-history":[{"count":3,"href":"http:\/\/guatisrl.com.ar\/estacion\/wp-json\/wp\/v2\/pages\/3835\/revisions"}],"predecessor-version":[{"id":3840,"href":"http:\/\/guatisrl.com.ar\/estacion\/wp-json\/wp\/v2\/pages\/3835\/revisions\/3840"}],"wp:attachment":[{"href":"http:\/\/guatisrl.com.ar\/estacion\/wp-json\/wp\/v2\/media?parent=3835"}],"curies":[{"name":"wp","href":"https:\/\/api.w.org\/{rel}","templated":true}]}}